{"id":673,"date":"2019-04-24T18:57:59","date_gmt":"2019-04-24T18:57:59","guid":{"rendered":"https:\/\/www.polishcenter.org\/?page_id=673"},"modified":"2024-07-21T04:00:21","modified_gmt":"2024-07-21T04:00:21","slug":"fr-douglas-cook","status":"publish","type":"page","link":"https:\/\/www.polishcenter.org\/?page_id=673","title":{"rendered":"Ks. Douglas Cook"},"content":{"rendered":"<div class=\"wp-block-image\">\n<figure class=\"alignleft size-full\"><img loading=\"lazy\" decoding=\"async\" width=\"191\" height=\"300\" src=\"https:\/\/www.polishcenter.org\/wp-content\/uploads\/FrDougCook.png\" alt=\"\" class=\"wp-image-4411\" srcset=\"https:\/\/www.polishcenter.org\/wp-content\/uploads\/FrDougCook.png 191w, https:\/\/www.polishcenter.org\/wp-content\/uploads\/FrDougCook-96x150.png 96w\" sizes=\"auto, (max-width: 191px) 100vw, 191px\" \/><\/figure>\n<\/div>\n\n\n<p>        Ks. Douglas Cook ma rodzinne korzenie w Nebrasce, ale wychowa\u0142 si\u0119 w Anaheim w Kalifornii. Ucz\u0119szcza\u0142 do miejscowej parafialnej szko\u0142y podstawowej \u015bw. Antoniego Klareta i Mater Dei, kt\u00f3r\u0105 uko\u0144czy\u0142 w 1985. Natychmiast rozpocz\u0105\u0142 formacj\u0119 seminaryjn\u0105 i ucz\u0119szcza\u0142 do Saint John&#8217;s Seminary College w Camarillo, ze szko\u0142\u0105 podyplomow\u0105 w Louvain w Belgii i na Uniwersytecie Gregoria\u0144skim w Rzymie.<br>        \u015awi\u0119cenia kap\u0142a\u0144skie przyj\u0105\u0142 dla diecezji Orange w 1994 roku.<br>Ks. Cook posiada dyplom z prawa kanonicznego (JCL) i jest zaanga\u017cowany w t\u0119 pos\u0142ug\u0119 od wielu lat, w tym jako wikariusz s\u0105dowy w diecezji Orange w latach 2001-2017.<br>Przed przyj\u0119ciem funkcji dyrektora O\u015brodka Polonijnego w Yorba Linda w 2006 roku, jego pos\u0142uga parafialna obejmowa\u0142a parafi\u0119 \u015bw. Joachima w Costa Mesa i Naj\u015bwi\u0119tszego Sakramentu w Westminster.<br>W 2009 roku zosta\u0142 uhonorowany godno\u015bci\u0105 pra\u0142ata, a Ojciec \u015awi\u0119ty mianowa\u0142 go Misjonarzem Mi\u0142osierdzia w ramach obchod\u00f3w Roku Jubileuszowego Mi\u0142osierdzia w 2016 roku.<\/p>\n\n\n\n<p><em>Dyrektor O\u015brodka Polonijnego im. \u015bw. Jana Paw\u0142a II w Yorba Linda, 2000-2006.<\/em><\/p>\n","protected":false},"excerpt":{"rendered":"<p>Ks. Douglas Cook ma rodzinne korzenie w Nebrasce, ale wychowa\u0142 si\u0119 w Anaheim w Kalifornii. Ucz\u0119szcza\u0142 do miejscowej parafialnej szko\u0142y podstawowej \u015bw. Antoniego Klareta i Mater Dei, kt\u00f3r\u0105 uko\u0144czy\u0142 w [&hellip;]<\/p>\n","protected":false},"author":1,"featured_media":2413,"parent":675,"menu_order":1,"comment_status":"closed","ping_status":"closed","template":"","meta":{"_EventAllDay":false,"_EventTimezone":"","_EventStartDate":"","_EventEndDate":"","_EventStartDateUTC":"","_EventEndDateUTC":"","_EventShowMap":false,"_EventShowMapLink":false,"_EventURL":"","_EventCost":"","_EventCostDescription":"","_EventCurrencySymbol":"","_EventCurrencyCode":"","_EventCurrencyPosition":"","_EventDateTimeSeparator":"","_EventTimeRangeSeparator":"","_EventOrganizerID":[],"_EventVenueID":[],"_OrganizerEmail":"","_OrganizerPhone":"","_OrganizerWebsite":"","_VenueAddress":"","_VenueCity":"","_VenueCountry":"","_VenueProvince":"","_VenueState":"","_VenueZip":"","_VenuePhone":"","_VenueURL":"","_VenueStateProvince":"","_VenueLat":"","_VenueLng":"","_VenueShowMap":false,"_VenueShowMapLink":false,"footnotes":""},"class_list":["post-673","page","type-page","status-publish","has-post-thumbnail","hentry"],"_links":{"self":[{"href":"https:\/\/www.polishcenter.org\/index.php?rest_route=\/wp\/v2\/pages\/673","targetHints":{"allow":["GET"]}}],"collection":[{"href":"https:\/\/www.polishcenter.org\/index.php?rest_route=\/wp\/v2\/pages"}],"about":[{"href":"https:\/\/www.polishcenter.org\/index.php?rest_route=\/wp\/v2\/types\/page"}],"author":[{"embeddable":true,"href":"https:\/\/www.polishcenter.org\/index.php?rest_route=\/wp\/v2\/users\/1"}],"replies":[{"embeddable":true,"href":"https:\/\/www.polishcenter.org\/index.php?rest_route=%2Fwp%2Fv2%2Fcomments&post=673"}],"version-history":[{"count":8,"href":"https:\/\/www.polishcenter.org\/index.php?rest_route=\/wp\/v2\/pages\/673\/revisions"}],"predecessor-version":[{"id":4421,"href":"https:\/\/www.polishcenter.org\/index.php?rest_route=\/wp\/v2\/pages\/673\/revisions\/4421"}],"up":[{"embeddable":true,"href":"https:\/\/www.polishcenter.org\/index.php?rest_route=\/wp\/v2\/pages\/675"}],"wp:featuredmedia":[{"embeddable":true,"href":"https:\/\/www.polishcenter.org\/index.php?rest_route=\/wp\/v2\/media\/2413"}],"wp:attachment":[{"href":"https:\/\/www.polishcenter.org\/index.php?rest_route=%2Fwp%2Fv2%2Fmedia&parent=673"}],"curies":[{"name":"wp","href":"https:\/\/api.w.org\/{rel}","templated":true}]}}